5 (base 7) in base 9?
-2073054
9d1f62 (base 16) to base 13
2196c13
What is -33555177 (base 8) in base 12?
-252427b
-46d569 (base 14) to base 13
-668ab4
What is -1002211121000 (base 3) in base 9?
-1084530
What is 30020526 (base 7) in base 4?
21130122300
What is 3303122021 (base 4) in base 12?
400b75
-2506200 (base 11) to base 3
-22012100010202
2a5ad (base 16) to base 3
22210222101
Convert 39dc05 (base 16) to base 5.
1432320002
Convert -49185 (base 12) to base 6.
-2041045
-367537 (base 13) to base 16
-13dc0b
What is 3459782 (base 10) in base 9?
6452832
What is -235323411 (base 7) in base 9?
-30501056
What is -146047 (base 8) in base 11?
-362a2
Convert 1101111101010111011 (base 2) to base 13.
13026b
What is 7634213 (base 9) in base 5?
2022102104
Convert 14300501 (base 6) to base 5.
111140234
Convert b970 (base 16) to base 15.
e0ec
2802124 (base 9) to base 7
16030366
Convert -41315 (base 10) to base 3.
-2002200012
Convert 23203202 (base 6) to base 12.
2a6502
Convert -141538 (base 9) to base 16.
-151be
Convert 221011311 (base 4) to base 3.
22112212200
Convert 2946e (base 16) to base 6.
3342422
434556 (base 16) to base 6
234254250
Convert d876a (base 16) to base 10.
886634
-20432113 (base 5) to base 2
-101001101110011100
What is 2ed55a (base 15) in base 10?
2272585
What is -28d194 (base 15) in base 11?
-1124641
What is -13cab (base 13) in base 7?
-213544
-3255600 (base 8) to base 7
-10304110
What is 142100013 (base 5) in base 14?
152ab2
What is 124240 (base 8) in base 16?
a8a0
22012212212002 (base 3) to base 4
100222033211
-1110133300 (base 4) to base 2
-1010100011111110000
151655 (base 11) to base 12
b4959
Convert 58462 (base 13) to base 16.
27571
What is -833718 (base 12) in base 3?
-10212121112002
961f8 (base 16) to base 14
12013a
-1213254 (base 7) to base 13
-55620
-3dd22c (base 15) to base 6
-143515053
-10736545 (base 8) to base 15
-313eea
Convert 1157294 (base 10) to base 8.
4324256
Convert 1621020 (base 8) to base 2.
1110010001000010000
1353361 (base 11) to base 13
6387ac
-421366 (base 8) to base 11
-96223
Convert 222322000210 (base 4) to base 14.
16cadda
What is 762052 (base 9) in base 7?
3601145
-12022222022222 (base 3) to base 12
-b47b75
What is 924369 (base 14) in base 16?
4b3589
What is 11003320103 (base 4) in base 3?
2111101202202
1053215 (base 7) to base 11
8a2a3
-42324546 (base 7) to base 13
-9874c8
Convert 34be30 (base 15) to base 10.
2520945
-4bbce (base 16) to base 2
-1001011101111001110
Convert 101010111011001111 (base 2) to base 5.
21111243
Convert 41342222 (base 7) to base 14.
665782
445322 (base 7) to base 2
10011001101110110
323130232 (base 4) to base 15
4c237
1033223033 (base 5) to base 16
2236dc
a5867 (base 11) to base 12
75222
Convert 1003303120 (base 4) to base 3.
112002221221
Convert 926596 (base 16) to base 9.
20042761
What is 36c0a6b (base 13) in base 9?
35070810
What is -12251893 (base 10) in base 13?
-26cc854
Convert 101101101101100010 (base 2) to base 7.
1406605
What is a092 (base 14) in base 7?
143242
313122221210 (base 4) to base 8
67325144
-22125551 (base 7) to base 14
-378861
eac8b (base 15) to base 7
6222656
Convert 1830768 (base 10) to base 15.
2626b3
What is 69822 (base 10) in base 14?
1b634
Convert -10245606 (base 7) to base 8.
-3240650
44e53d (base 15) to base 16
322d71
What is 1335123 (base 7) in base 6?
3443410
Convert -1002336 (base 7) to base 16.
-1ceed
3d56b1 (base 16) to base 5
2012114024
What is -228886 (base 9) in base 4?
-201220302
Convert 10011101101101110 (base 2) to base 11.
5573a
What is -3b80759 (base 12) in base 8?
-55200065
-21124005 (base 8) to base 4
-101022200011
-62553 (base 9) to base 4
-22010331
Convert 12273e (base 15) to base 16.
d4291
Convert 4237502 (base 10) to base 7.
51006143
-111212110001022 (base 3) to base 2
-11100000111010111110001
-111232212132 (base 4) to base 12
-1aa82a6
-934764 (base 14) to base 6
-254252244
-130210131 (base 4) to base 14
-30909
-1021121112002 (base 3) to base 5
-133300031
-1000111010011101010 (base 2) to base 12
-121036
What is -111300130 (base 4) in base 16?
-15c1c
Convert -10010000010101111 (base 2) to base 10.
-73903
What is 115950 (base 16) in base 3?
2010202122020
What is c899 (base 15) in base 3?
2011020000
Convert 121003220200 (base 4) to base 2.
11001000011101000100000
Convert -274892 (base 10) to base 8.
-1030714
What is 14a291 (base 16) in base 9?
2481046
What is 516030 (base 7) in base 10?
88515
Convert -12344113 (base 5) to base 16.
-1dbb7
What is -514816 (base 9) in base 6?
-10313453
-1030231231 (base 4) to base 16
-4cb6d
What is -3863506 (base 12) in base 10?
-11078934
Convert 100303122 (base 4) to base 14.
1b122
Convert 11513143 (base 6) to base 7.
3060240
What is 1193a (base 13) in base 2?
111111001001000
Convert 66509 (base 11) to base 3.
11220022002
What is 56266146 (base 8) in base 10?
12151910
Convert 731217 (base 15) to base 5.
2400040342
What is -13543032 (base 7) in base 4?
-10312112031
What is 6802405 (base 9) in base 2?
1101111110001111101001
What is -2216044 (base 7) in base 4?
-1002233323
12022200000110 (base 3) to base 11
1661630
20145211 (base 6) to base 13
171352
3311043 (base 5) to base 7
325151
What is -561214 (base 8) in base 5?
-22022233
106199 (base 10) to base 2
11001111011010111
-11711467 (base 8) to base 12
-a50b07
-22226546 (base 7) to base 15
-27ec42
What is -57301 (base 9) in base 2?
-1001010100001000
What is -7646a (base 11) in base 16?
-1b1b9
What is -36d143 (base 15) in base 7?
-31215042
Convert 2433320 (base 6) to base 14.
35076
Convert 18b0 (base 15) to base 5.
132330
Convert 8922154 (base 10) to base 8.
42022052
Convert -31313331030 (base 4) to base 11.
-2064646
Convert 282a026 (base 12) to base 7.
125116011
What is 204111103 (base 5) in base 14?
180ca9
530084 (base 9) to base 11
1a5738
What is 48716 (base 11) in base 15?
15b6b
What is -2d883 (base 16) in base 13?
-66b71
-1c971 (base 15) to base 7
-535612
Convert -120b68 (base 12) to base 13.
-a2b81
Convert 1d74b (base 15) to base 13.
349bb
What is -1a17039 (base 14) in base 12?
-44131a3
-474c7 (base 13) to base 11
-8a022
19b805 (base 15) to base 2
100110010001000101010
What is 349398 (base 11) in base 3?
1001011011200
193a813 (base 11) to base 7
36605311
-1dd47 (base 15) to base 2
-10111110011010100
Convert -ab5202 (base 15) to base 8.
-37121020
19e1d (base 16) to base 14
2a8c5
What is -212250 (base 7) in base 16?
-8fe2
What is 6a1428 (base 11) in base 5?
241131221
11110011011001 (base 2) to base 5
444302
What is -58562 (base 10) in base 5?
-3333222
Convert 9793530 (base 10) to base 14.
142d0dc
Convert 255c9 (base 16) to base 8.
452711
What is -b503b4 (base 15) in base 3?
-121012021201021
What is 16735b (base 12) in base 13?
106817
-1100110111100000110 (base 2) to base 12
-184006
-1111044122 (base 5) to base 13
-675b08
Convert -135304355 (base 6) to base 15.
-39cc5e
-1219919 (base 12) to base 4
-31123223211
Convert 67327b (base 13) to base 15.
3315e6
What is -2a9189 (base 14) in base 9?
-2712711
Convert 310368 (base 10) to base 13.
ab366
What is 72826 (base 11) in base 16?
19ea1
-57848 (base 14) to base 11
-135a74
Convert 640de5 (base 15) to base 13.
ca95b3
Convert 254620 (base 8) to base 6.
1521320
13967a (base 13) to base 11
2a7032
What is 1fff7 (base 16) in base 2?
11111111111110111
2211223102 (base 4) to base 9
1243781
What is -13143011 (base 5) in base 14?
-35a58
What is -215a864 (base 12) in base 5?
-3110433423
Convert -10aa7a (base 11) to base 12.
-857a2
What is 117766 (base 8) in base 7?
230250
What is -167037 (base 8) in base 7?
-342503
What is -304690 (base 14) in base 15?
-221a85
What is 182a2 (base 13) in base 15?
dc22
What is eabea1 (base 15) in base 10?
11177926
Convert -1151351 (base 7) to base 11.
-a0485
-681534 (base 13) to base 14
-480387
What is 4a188 (base 12) in base 15?
1eb82
What is -101bd1d (base 15) in base 14?
-174c22c
What is 366690 (base 13) in base 15?
1aa0c3
-110001011001110001111001 (base 2) to base 16
-c59c79
Convert 923233 (base 10) to base 5.
214020413
What is 38401b (base 15) in base 3?
12002000002222
What is 1302477 (base 8) in base 16?
5853f
Convert 51434100 (base 6) to base 3.
2210022020100
-1240203112 (base 5) to base 3
-12202010122210
-11000100111110011011011 (base 2) to base 11
-370939a
4aaab1 (base 12) to base 